 9. Suppose -1 = 45*m - 136. Suppose -3*f - 11 = 2*w, 0 = 4*w - m*f + 41 - 10. Give s(w).
-12
Let q(d) be the first derivative of -3*d + 2*d**2 + 8 - 28 - 7 - 1. Determine q(5).
17
Suppose m - 11 = 0, 2205*w = 2204*w - 5*m + 66. Let n(z) = z**2 - 7*z - 2. Let q(b) = -b + 1. Let x(k) = -n(k) - 5*q(k). Calculate x(w).
8
Let q = -239 - -233. Let z(i) = i**3 + 6*i**2 - 5*i - 2. Calculate z(q).
28
Let p(i) = -60*i + 122. Suppose 2*c - 65 + 29 = -4*z, -3*z + 16 = -4*c. Give p(c).
2
Let u(h) = h - 3. Let b = -121 + 41. Let p = -164 - b. Let c = -91 - p. Give u(c).
-10
Let o(b) = -b**3 - 24*b**2 - 3*b - 53. Let d be o(-24). Let q(y) = y**3 - 17*y**2 - 40*y + 40. Let l be q(d). Let f(h) = -h**3 + h**2 - 2. Calculate f(l).
-6
Suppose -3 = u - 0. Let k(o) = 8*o + 465. Let m be k(-58). Let h(v) = -9*v - 5. Let x(c) = -2*c - 1. Let n(q) = m*h(q) - 6*x(q). Calculate n(u).
-8
Let t(r) be the third derivative of -r**6/360 - 7*r**5/120 + 3*r**4/8 - 33*r**3/2 - 2*r**2 + r. Let j(p) be the first derivative of t(p). What is j(-8)?
1
Let i(l) = -14*l - 3. Let w(h) = -3*h**2 + 2*h + 37. Let v(q) = -q**2. Let y(a) = 2*v(a) - w(a). Let g be y(-5). Give i(g).
25
Let c(p) = p**3 - 4*p**2 + 5*p - 3. Let o be c(3). Let m = 1 - o. Let g(h) = -33 - 46*h + 65 + 17*h - 34 + 25*h. Give g(m).
6
Suppose 9*b = 6*b - 3*i + 9, -i + 3 = -4*b. Suppose 3*w + 6 = 12. Let v(o) = -o - w*o + 6 - 2*o + 6*o. What is v(b)?
6
Let q(i) be the second derivative of -i**6/120 - i**5/12 - i**4/12 + i**3/2 - 133*i**2/2 + 217*i. Let z(y) be the first derivative of q(y). Give z(-4).
-5
Let a(g) = 7*g**3 - 4*g**2 - 3*g + 30. Let u(j) = -8*j**3 + 4*j**2 + 2*j - 35. Let m(c) = -6*a(c) - 5*u(c). Calculate m(4).
-37
Suppose 10*w - 3*z + 72 = 15*w, 0 = -12*w + 3*z + 234. Let m(b) = 3*b - 67. Give m(w).
-13
Let p = -177 - -179. Let a(x) = 14 + 103*x**2 - 2*x + 111*x**2 - 225*x**p + x**3. Suppose -5*z - 59 = -4*o, -5*z = 4*o - z - 32. Give a(o).
-8
Let r(k) be the first derivative of -k**3/3 + 4*k**2 - k + 1. Suppose -3*y - 28 = -6*y + s, 4*y = -3*s + 33. What is r(y)?
-10
Suppose 0 = 273*t - 235*t + 114. Let w(y) = -y**3 - 5*y**2 - 5*y - 10. What is w(t)?
-13
Let h = -6 - -13. Suppose 0*p + 735 = h*p. Let q(j) = 2 + 13 - 106*j + p*j. What is q(0)?
15
Let x(h) = h**3 + 5*h**2 - 5*h + 5. Suppose -21*f - 41 - 37 = 48. Determine x(f).
-1
Let z(c) = 55*c + 13. Let p = -716 + 1097. Let h(o) = -p*o - 3 + 1 + 372*o. Let j(y) = 39*h(y) + 6*z(y). What is j(-1)?
21
Let d be ((-12720)/(-300))/((-2)/(-5)). Suppose 72 = -d*i + 114*i. Let v(j) = -j + 7. Calculate v(i).
-2
Let x(m) = -4*m + 3. Let t(p) = 21*p - 44. Let d(w) = t(w) + 5*x(w). Calculate d(19).
-10
Let b be 3 - (2 - 1)*0. Let u(s) = -2*s**3 + 2*s**2 + 2*s - 1. Let y(h) = -7*h**3 + 5*h**2 + 5*h - 3. Let n(f) = 4*u(f) - y(f). What is n(b)?
8
Let i(t) = 188. Let x(j) = -2*j + 379. Let s(w) = 7*i(w) - 3*x(w). Give s(-29).
5
Let c = 9 + -4. Suppose 0 = -2163*q + 2203*q - 280. Let d(x) = 6*x - q*x + 2 - c + 2. Determine d(6).
-7
Let f(w) = -w**3 - 25310*w**2 + 12665*w**2 - 4*w + 1 + 12646*w**2 + 5*w. Let c be -2 - -1 - (0 - 3). Give f(c).
-1
Let t(x) = -x**3 - 5*x**2 - 2*x - 4. Let s be t(-5). Let m(r) = -12 - 2 + 13 + s*r. Determine m(-5).
-31
Let i(s) = 11*s + 132. Let b be i(-12). Let t(f) be the second derivative of -3*f**2 + 1/6*f**3 + b - 19*f. Give t(6).
0
Let u(k) = 2 - 2*k + 3*k - 2*k**2 + 48 - 19. Let f be u(4). Let y(j) = -j**2 + 4*j - 2. Give y(f).
1
Let j(c) = -5*c**3 + 7*c**2 + 17*c - 36. Let d(x) = 2*x**3 + 2*x**2 - x - 3. Let s(u) = 2*d(u) + j(u). Calculate s(12).
-6
Let o = -618 + 621. Suppose 18 = 2*p - 2*s, o*p - 45 = -2*s - 23. Let n(k) = -2*k**2 + 10*k + 6. Give n(p).
-42
Suppose -3*y + 230 = 5*k, 4*k + 7*y = 4*y + 181. Suppose 2*a + k*p - 50*p = 13, -2*a - 4*p = 12. Let t(c) = c**3 - 3*c**2 - 3*c - 1. Determine t(a).
3
Let p(t) = t**2 + 3*t - 7. Let y = 418 + -284. Let r = 128 - y. Give p(r).
11
Let z(h) = 3*h**2 - 19*h + 6. Suppose -19*f + 47*f - 168 = 0. Give z(f).
0
Suppose 11*p - 26 + 4 = 0. Suppose k - 2 = p*b + 1, -4*k = -b + 16. Let v(r) = r**3 + 5*r**2 + 3*r - 5. Calculate v(b).
-1
Let y(o) = o**3 - 11*o + 3*o**2 + 5*o**2 - o**2 + 7 - 15*o + 34*o. What is y(-5)?
17
Suppose -4*p + 8 = k, -13*p + 10*p = -4*k - 25. Let a = -5 - -9. Let s(z) = -50 + a*z - 3*z**3 + 4*z**2 + 52 + 2*z**3 - 7*z. What is s(p)?
2
Let k = 1855 - 1849. Let c(a) = a**2 - 10*a - 9. Give c(k).
-33
Let u(t) be the second derivative of t**5/20 + t**4/6 - 2*t**3 + 15*t**2/2 - 4526*t. Give u(-5).
0
Let u(d) = d + 1. Let g be u(4). Let b be 23/(115/30)*3. Let j(q) = -b + q**2 + 30 - 18 + g*q. What is j(-7)?
8
Let k(v) = 4*v + 29 + 44 + 37 - 2*v + 7*v. Give k(-14).
-16
Let p(d) = 83*d**3 - 19*d**2 + 107*d + 12. Let k(g) = -15*g**3 + 4*g**2 - 21*g - 3. Let x(l) = -11*k(l) - 2*p(l). Determine x(-8).
1
Let k = 237 - 157. Suppose -100 = -k*n + 70*n. Let c(j) = j**2 - 9*j - 9. Determine c(n).
1
Let s(u) = 2*u**3 - 21*u**2 + 11*u - 7. Let k be s(10). Let t(b) = -2*b + 6*b + 195*b**k - 196*b**3 - 6*b**2 + 3*b**2. Calculate t(-4).
0
Let r(x) = 7*x - 25. Let s be r(3). Let q be 1/((s/6)/(10/(-15))). Let z(f) = 17*f - 10. Let p be z(q). Let m(u) = u**2 - 7*u + 5. Give m(p).
5
Let g(p) be the first derivative of p**3/3 + 19*p**2/2 + 37*p - 1420. Determine g(-17).
3
Let d be ((-156)/104)/(1/(-220)). Let b = d - 333. Let k(p) = 3*p + 10. Determine k(b).
1
Let a(r) = 30*r + 1298. Let p be a(-45). Let w(m) = m**2 + 42*m - 527. Give w(p).
-7
Let i = -563 - -596. Suppose 56*t - i*t = 115. Let r(f) = f - 3. Give r(t).
2
Let m(c) = -c**3 - 10*c**2 - 6*c - 8. Let j = -131 + 122. Give m(j).
-35
Let j(l) be the third derivative of -l**5/60 - 7*l**4/24 + l**3 - 2*l**2. Let n(s) = 8*s - 55. Let r = -259 + 265. Let x be n(r). Give j(x).
6
Let b(z) be the second derivative of -z**5/20 + 2*z**3/3 - z**2/2 - 15328*z. Let g = 4 + 2. Let w = g + -9. What is b(w)?
14
Let t(n) = -2*n - 12. Let b be ((-91)/65)/((-11)/5 - -2). Let u(p) = p**2 - 11*p + 20. Let a be u(b). What is t(a)?
4
Let o(l) be the first derivative of -l + 1/2*l**2 + 56. Suppose -3*u + 18 = -0*u. What is o(u)?
5
Let j(s) be the first derivative of s**5/120 + s**4/6 - 140*s**3 + 6. Let o(q) be the third derivative of j(q). Suppose 0 = -4*h + 2*h - 6. Calculate o(h).
1
Let i(q) be the first derivative of 4*q**3/3 + 119*q**2/2 - 31*q - 2664. What is i(-30)?
-1
Let k be (35 - -4)*(-3)/(-4 + 1). Suppose -k*x = 105 + 285. Let i(p) = -p**3 - 9*p**2 + 10*p + 8. Give i(x).
8
Let o be (-6)/(-1) - (1485/15)/33. Let s(f) be the second derivative of -1/6*f**o + 19/2*f**2 + 14*f + 0. Give s(0).
19
Let y(o) = -3*o + 11 - 20*o**2 + 1 + 0*o**2 - 7 - 3. Give y(1).
-21
Let p(w) be the second derivative of -w**4/12 + 2*w**3 - 4*w**2 + w. Let b(s) = -s**3 + 37*s**2 + 35*s + 126. Let k be b(38). Give p(k).
-8
Let t(r) = 6 + 6*r**2 + 41331*r - 82673*r + 41336*r. What is t(2)?
18
Let l be (-10 - (-6 - -6)) + 41/(-1). Let p(m) = 6*m + 305. What is p(l)?
-1
Let p(j) be the first derivative of 56 - 4*j + 57 - 3*j**2 + 2*j**2 - 5. Let o = 4 - 8. Give p(o).
4
Let t(b) = -23 + 150190*b + 15 - 150189*b. Let p = 22 + -10. Determine t(p).
4
Let w(c) = -3*c + 7. Let o(m) = -2*m + 4. Let b(s) = 5*o(s) - 3*w(s). Let t(k) = 25*k**3 + 3*k**2 - 3*k + 1. Let u be t(1). Let g = u - 29. Determine b(g).
2
Let j(k) = -k**2 - k - 2. Let l(h) = -828*h - 8286. Let w be l(-10). What is j(w)?
-32
Let f be 3/((27/(-33))/(-3)). Let z(c) = -8 + 1 - 2*c + 17 - 5. Give z(f).
-17
Let o(d) = 36*d**2 - 55*d - 16. Let k(g) = -151*g**2 + 221*g + 65. Let m(s) = 6*k(s) + 25*o(s). Give m(-8).
-2
Let c(w) = 829*w**2 - 828*w**2 - 3 + 12 - 3*w - 7. Determine c(-3).
20
Let f be (3/(-8)*2)/((-10)/40). Let z(d) = 6 - 13 - f*d + 4*d. Calculate z(5).
-2
Let w(q) be the first derivative of 4/3*q**3 + 1/4*q**4 - 3*q - 3/2*q**2 - 7. Calculate w(-4).
9
Let a(z) = 9*z**2 - 6*z + 4. Let l = -7566 - -7567. What is a(l)?
7
Suppose -6*h + 8*h - 32 = -3*w, 3*h + 5*w = 50. Let q(d) = d**3 - 9*d**2 - 13*d + 28. Determine q(h).
-2
Let h(m) = -m**2 + 863*m + 4314. Let q be h(-5). Let x(v) = -v**2 - 28*v - 49. Give x(q).
3
Let i(w) be the third derivative of w**5/20 - 83*w**3/6 + 17*w**2 + 2*w. Let r(n) be the first derivative of i(n). What is r(-4)?
-24
Let y(i) = -11*i. Let d be 1 + (-5)/2 - (-1312)/(-64). Let p 